 o = 48 - 26. Is ((-802)/(-5))/(o/55) composite?
False
Suppose -104 = 5*z + 101. Let k = z - -92. Is k a prime number?
False
Is (-6)/9 - 2824/48*-62 composite?
True
Suppose 79*h - 1673334 = h. Is h prime?
False
Suppose -3*o - 8*x + 44201 = -13*x, -44177 = -3*o - x. Is o a prime number?
False
Let v be 0 + 0/1 - -2. Suppose -5*h + 14 = -c, h + 5*c - v - 6 = 0. Suppose j - 3 = 0, -f - j + 527 = h*f. Is f prime?
True
Let c(o) = -7*o + 53. Let h be c(7). Is 631 - (-2 + -1 + h - 5) a composite number?
True
Let s(k) = -8*k + 3. Let t(q) = -q + 1. Let j(u) = -s(u) + 4*t(u). Let p be ((-12)/5)/((-6)/20). Is j(p) a composite number?
True
Let g be (6/4 + -1)/((-9)/18). Is (1*g/1)/((-4)/8492) a prime number?
False
Let a = -57 + 258. Suppose -2*n + a = -111. Let c = n - 41. Is c prime?
False
Suppose 0 = -58*s + 55*s + 14655. Is s composite?
True
Let x(w) be the third derivative of -w**4/3 - 19*w**3/6 - w**2. Let c be 6 + -2 - (-153)/(-9). Is x(c) prime?
False
Suppose 380 = 14*t - 48494. Is t a prime number?
True
Let g = 3173 - -4829. Is g composite?
True
Let v be 4 + -6 - 0 - -120. Let u = v + 0. Suppose 0 = 2*n - u - 160. Is n a composite number?
False
Let r be (-20)/6*153/6. Suppose -85 = 2*n + 17. Let x = n - r. Is x a prime number?
False
Let m = 1182 - -167. Is m composite?
True
Let o be 1*-3*(-6)/6 + 2. Suppose 0*q - 2*q + o*t + 1798 = 0, -5*q + 3*t = -4457. Is q a prime number?
False
Suppose -r - 2*m + 5 = -5*m, 0 = r + 2*m - 5. Is 563*(4 - (r - 2)) a composite number?
False
Let c(l) = 128*l + 15. Let b(w) = 266*w + 30. Let p(d) = 2*b(d) - 5*c(d). Suppose 5*r = 3*a + 27, 4*a = -a + 4*r - 32. Is p(a) a prime number?
False
Let r be (2/5)/((-2)/(-10)). Suppose -r*l + 3*u - 10 = 2, 5*l + 12 = 3*u. Suppose 2*o - 85 - 13 = l. Is o a prime number?
False
Suppose -13*j + 2655 = -10*j. Suppose -j = -m - 4*m. Is m a composite number?
True
Let m(p) = -p - 2. Let l be m(-6). Let i be 1/(5 - l) - -4. Suppose -i*b + 2*a = -788, b + 3*a - 114 = 47. Is b prime?
False
Is 1121538/(-3)*(-11 + (-84)/(-8)) composite?
True
Suppose 2*p + 9*w - 7*w = 2950, 4*p + w - 5906 = 0. Is p composite?
True
Let i(z) = -71*z**2 + z. Let v be i(-1). Let m = v - -32. Let k = 117 + m. Is k a prime number?
False
Suppose -5*u = -2*r - 7715, -16*r + 4629 = 3*u - 15*r. Is u a prime number?
True
Suppose y + 3*j = -2*j + 5348, 2*j = -5*y + 26809. Is y a prime number?
False
Let p = 799 - 460. Suppose -4*m + 4120 = -2480. Suppose 0*o = -h + 2*o + p, 5*h = o + m. Is h a prime number?
False
Let h(a) = 2*a**2 - 4*a - 4. Let m(q) = 4*q**2 - 10*q - 7. Let c(p) = 7*h(p) - 3*m(p). Let k(t) = -2*t. Let j be k(3). Is c(j) a prime number?
True
Suppose 0 = 7*t - 4*t + 12. Let x = 3 - t. Suppose -x*p + 2*p + 3*g = -485, g + 287 = 3*p. Is p a prime number?
False
Let w(f) = 7*f**2 + 3*f + 21. Is w(19) prime?
False
Let l(g) be the third derivative of g**6/120 + g**5/15 - g**4/24 + g**3/6 - 3*g**2. Let q be l(-4). Is 15 + (1 - (-3 + q)) a prime number?
False
Let a(l) = -l. Let o be a(-5). Suppose 2*f + o = -5. Let p(s) = -16*s - 3. Is p(f) a composite number?
True
Suppose -512 + 1793 = -j. Let t be (-1 - 3)*j/6. Let y = -411 + t. Is y prime?
True
Suppose 5*d + 89427 = 7767. Is d/(-8)*6/9 prime?
True
Suppose 2*l + 53324 = 2*b, 28808 + 104505 = 5*b - 4*l. Is b prime?
False
Let t(l) = 6*l - 31. Let o(x) = -3*x - 19. Let i be o(-11). Is t(i) composite?
False
Suppose -3*b - 27 = 3. Let q(j) = -j**2 - 29*j + 1. Is q(b) prime?
True
Is 111236/6 - (-106)/(-318) a composite number?
False
Let s(i) = 2 - 1 - 111*i + 840*i + 187*i. Is s(1) composite?
True
Suppose -3 + 1 = -b. Suppose 641 = 5*n - 2*p, 0*n - 5*p = -b*n + 269. Is n composite?
False
Let a be (-4)/64*-4 - (-13422)/8. Let v = 421 + a. Is v composite?
False
Suppose 1556 = 5*d - 5239. Suppose -4 = 4*p, 4*r + 5*p - d = -0*r. Is r a composite number?
True
Let i(h) = 67*h**3 + 11*h**2 + 31*h - 104. Is i(9) composite?
True
Is 4795312/64 - (1 + (-10)/8) a composite number?
True
Suppose 3*p - 2584 = 44. Suppose p = r + 142. Is r a prime number?
False
Let z = 7488 - -30433. Is z a composite number?
True
Suppose 121 = -2*x + 43. Let n = 100 + x. Suppose 3*m - 166 = -n. Is m composite?
True
Let l be 15/(-10) + (-56354)/(-4). Let w = -8888 + l. Is w a prime number?
False
Suppose -2*u = 2*r - 12582, 4*u - 25168 = -0*r - 2*r. Suppose 6*q + u = 13*q. Is q composite?
True
Is (12/(-8) + 1)*(4 + -22952) prime?
False
Let o(l) = -22*l - 9. Suppose 6 + 1 = -w - 4*s, 0 = -3*w - 5*s. Suppose 5*t + 15 = -5*r, r + 0*t + 9 = w*t. Is o(r) a prime number?
True
Suppose -370 = 9*n - 4*n. Let b = n - -201. Is b a prime number?
True
Let c(a) = a**3 + 4*a**2 - a - 4. Let s be c(-4). Suppose 4*y - 3*y - 7 = s. Suppose -8 = -2*k, 3*j + 5*k + y = 525. Is j a composite number?
True
Suppose 0 = a - u + 2*u + 1, -4*u - 2 = 5*a. Suppose 0 = a*c - 5 - 3. Suppose y - 304 = 3*i, -6*y - 2*i + 600 = -c*y. Is y a prime number?
False
Suppose 10*y = -28*y + 24054. Is y prime?
False
Let j = 708 - -855. Is j a composite number?
True
Let t(o) = -5*o**3 + 7*o + 1. Is t(-4) composite?
False
Suppose 5*y - 17053 - 109026 = -2*p, -10*p = -4*y + 100898. Is y prime?
False
Let d(o) = -2*o**3 - 11*o**2 - 7*o - 53. Is d(-34) a prime number?
False
Let i = -232 + -50. Let s = -139 - i. Is s a prime number?
False
Suppose -21*x = -2915 - 105214. Is x a prime number?
False
Let f = 24927 + -14080. Is f a prime number?
True
Is (2701 - 2)*(4 + (-42)/14) composite?
False
Let u = 0 + 16. Suppose -4*x + u = -0. Suppose -458 = -2*r - 4*k, x*k = 5*r + 6*k - 1113. Is r a prime number?
False
Suppose 10*k = 9*k - 1. Let t be (3 - k)/(-4) + -2. Is (t + 1)*(-1246)/4 a prime number?
False
Let u(s) = s**3 + s. Let y be u(1). Let b(o) = 142*o + 3. Let j be b(y). Let c = j + 54. Is c a composite number?
True
Let t(v) = -v**2 + v + 21. Suppose -3*i = -2*i + 2*f - 6, 2*i = -f. Let r = i - -2. Is t(r) a prime number?
False
Let m = 117 - 988. Let n = m + 1452. Suppose 4*k + d - 440 = 4*d, 4*d - n = -5*k. Is k composite?
False
Let d be (0 - (0 - -2)) + 0. Suppose -2 = l - 6. Is d/(-4) + 434/l a prime number?
True
Suppose -2*t = -5*a + 40, 2*a + 2*t = -3*t - 13. Suppose 0 = -j - 3*r + a, r = -4*r + 5. Suppose j*v - 234 = 3. Is v prime?
True
Let g(x) = 86 - 186 + 89 + 22*x. Let l be (9/(-4))/((-9)/24). Is g(l) a prime number?
False
Let o(w) = w**3 - 18*w**2 - 19*w + 2. Let z be o(19). Is (849/6 + 5)*z*1 composite?
False
Suppose -5*b + 25 - 10 = 0. Suppose 9169 = 5*u + 4*t + 2500, 4*u + b*t - 5336 = 0. Is u composite?
True
Suppose -4*u = -59 + 39. Let s(w) = w**2 + 15*w - 42. Is s(u) prime?
False
Suppose -121973 = -11*y - 32356. Is y prime?
True
Is (-3399400)/(-1012) + (-1)/11 a prime number?
True
Let b(p) = 80*p**2 + p - 32. Is b(-5) a prime number?
False
Let l(x) = 35*x**2 + 8*x + 86. Is l(11) prime?
True
Let t = 2388 - 1339. Is t composite?
False
Let s be (12/(-20))/(2/(-10)). Suppose 5*o + 1 = -u - 2, 4*u + 12 = s*o. Is o*(2 + -1) + 166 composite?
True
Let w = 642 + -280. Suppose w - 18 = l. Suppose 0 = -3*b - 4*h + 279, -5*b + l = -b - 4*h. Is b prime?
True
Let v(r) = -r**3 + 16*r**2 - 14*r - 10. Let c be v(15). Let m(n) = n**3 - 4*n**2 - 6*n + 7. Let g be m(c). Is 1 - g - 0 - -96 prime?
False
Suppose 4*r = -3*c + 116253, 4*r - 9*r - 155004 = -4*c. Is c prime?
False
Suppose -3*r + 16036 = o - 20522, -3*r + 36552 = -o. Is r prime?
False
Let j be ((-6)/(-9))/(2*(-3)/9). Let b(k) be the third derivative of -127*k**4/8 - k**3/3 - 4*k**2. Is b(j) prime?
True
Let n = 127 - 223. Let m = 335 - 338. Is (-7)/(m + n/(-33)) prime?
False
Let o be (-2 - -2)/2 - 1. Let r be 3 - 1/((-1)/o). Suppose -3*k = 5*s - r*s - 279, 109 = k - 3*s. Is k prime?
True
Let r = 263 - -1019. Is r*(4 + 28/(-8)) a prime number?
True
Suppose -7*i + 3*i + 220 = 0. Let r = 92 - i. Suppose y - 1 = r. Is y a composite number?
True
Let i be (-27)/(-3)*4/12. Suppose q = -i*f - 13 + 696, 4*f + 697 = q. Is q a prime number?
False
Suppose 62938 + 28306 = 4*d. Is d a prime number?
True
Suppose -24*c = -80*c + 2733752. Is c composite?
False
Let c(f) = -47*f + 48. Is c(-7) a composite number?
True
Let d = 2573 - 199. Let x = d + -1397. Is x prime?
True
Suppose 2*t + 3 - 5 = 0. Let a = -24 + 25. Is (146 + 3)/(a/t) composite?
False
Let j be -1 + (20/(-5) - -1). Let t be (-2 + 1)/(j/8). Suppose 